{"id":1034,"date":"2024-02-16T19:54:16","date_gmt":"2024-02-16T17:54:16","guid":{"rendered":"https:\/\/enblanc.cat\/servicios\/catastro-y-registro-parcelas-y-fincas\/"},"modified":"2024-02-21T10:08:40","modified_gmt":"2024-02-21T08:08:40","slug":"catastro-y-registro-parcelas-y-fincas","status":"publish","type":"page","link":"https:\/\/enblanc.cat\/es\/servicios\/catastro-y-registro-parcelas-y-fincas\/","title":{"rendered":"Catastro y registro (parcelas y fincas)"},"content":{"rendered":"\n<p><span style=\"font-weight: 400;\">Actualizaci\u00f3n y definici\u00f3n un\u00edvoca de la finca o parcela (superficie y l\u00edmites) en ambos registros.<\/span><\/p>\n\n<p><span style=\"font-weight: 400;\">Esta coordinaci\u00f3n busca incrementar la seguridad jur\u00eddica en el mercado inmobiliario, puesto que una vez se ha incorporado la representaci\u00f3n gr\u00e1fica catastral y la parcela ha sido coordinada, se consideran ciertos a todos los efectos legales los datos de delimitaci\u00f3n, ubicaci\u00f3n y superficie de la representaci\u00f3n gr\u00e1fica inscrita.<\/span><\/p>\n\n<p><span style=\"font-weight: 400;\">Una finca coordinada no podr\u00e1 incorporar ninguna otra representaci\u00f3n que se sobreponga, invada o resulte contradictoria con las coordenadas de la finca coordinada, en virtud del principio de prioridad registral.<\/span><\/p>\n\n<p><span style=\"font-weight: 400;\">La coordinaci\u00f3n entre ambos registros es obligatoria en los casos de <\/span><b>Segregaciones y reparcelaciones<\/b><span style=\"font-weight: 400;\">, <\/span><b>Agrupaciones e inmatriculaciones<\/b><span style=\"font-weight: 400;\">. En el resto de los casos es voluntaria.<\/span><\/p>\n\n<div style=\"height:30px\" aria-hidden=\"true\" class=\"wp-block-spacer\"><\/div>\n\n<h2 class=\"wp-block-heading\">Procedimiento por una coordinaci\u00f3n Catastro \u2013 Registro<\/h2>\n\n<p><span style=\"font-weight: 400;\">Mediante una <\/span>Representaci\u00f3n Gr\u00e1fica Alternativa<span style=\"font-weight: 400;\"> (RGA)\u00a0podemos incorporar al catastro el per\u00edmetro real de la parcela, ajustada a la realidad f\u00edsica existente. Difiere de la representaci\u00f3n gr\u00e1fica de la Certificaci\u00f3n Catastral Descriptiva y Gr\u00e1fica (CCDG)\u00a0que puede obtener el propietario desde la sede electr\u00f3nica del catastro.<\/span><\/p>\n\n<p><span style=\"font-weight: 400;\">La <strong>Representaci\u00f3n Gr\u00e1fica Alternativa<\/strong> ser\u00e1 la representaci\u00f3n real y exacto de la parcela. Esta representaci\u00f3n partir\u00e1 de un levantamiento topogr\u00e1fico.<\/span>&#13;\n&#13;\n\u00a0<\/p>\n\n<p><span style=\"font-weight: 400;\">Normalmente para hacer una representaci\u00f3n gr\u00e1fica alternativa hace falta, previamente,\u00a0deslindar la finca con los vecinos. La Representaci\u00f3n Gr\u00e1fica Alternativa, para poderse validar positivamente, tiene que incluir todas las parcelas que modifica.<\/span><\/p>\n\n<p><span style=\"font-weight: 400;\">Hay que elaborar la Representaci\u00f3n Gr\u00e1fica Alternativa (RGA) en formato GML. Con todas las parcelas afectadas. Una vez tengamos la RGA correcto, se obtendr\u00e1 el <\/span><b>Informe de Validaci\u00f3n Gr\u00e1fica<\/b><span style=\"font-weight: 400;\"> (IVG)\u00a0al catastro.<\/span><\/p>\n\n<p><span style=\"font-weight: 400;\">Una vez tenemos el Informe de Validaci\u00f3n Gr\u00e1fica Positiva, el propietario de la finca puede entrar este informe al Registro de la Propiedad (m\u00e1s r\u00e1pido, pero costoso) o mediante una coordinaci\u00f3n directo al catastro (m\u00e1s lento, pero gratuito).<\/span><\/p>\n\n<p><span style=\"font-weight: 400;\">Si dentro de la parcela se tiene que registrar una construcci\u00f3n nueva o existente, se har\u00e1 mediante un <\/span><b>Informe Catastral de Ubicaci\u00f3n de Construcciones<\/b><span style=\"font-weight: 400;\"> (ICUC).<\/span><\/p>\n","protected":false},"excerpt":{"rendered":"<p>Actualizaci\u00f3n y definici\u00f3n un\u00edvoca de la finca o parcela (superficie y l\u00edmites) en ambos registros. Esta coordinaci\u00f3n busca incrementar la seguridad jur\u00eddica en el mercado inmobiliario, puesto que una vez se ha incorporado la representaci\u00f3n gr\u00e1fica catastral y la parcela ha sido coordinada, se consideran ciertos a todos los efectos legales los datos de delimitaci\u00f3n, [&hellip;]<\/p>\n","protected":false},"author":1,"featured_media":0,"parent":708,"menu_order":0,"comment_status":"closed","ping_status":"closed","template":"","meta":{"_acf_changed":false,"footnotes":""},"class_list":["post-1034","page","type-page","status-publish","hentry"],"acf":[],"yoast_head":"<!-- This site is optimized with the Yoast SEO plugin v27.5 - https:\/\/yoast.com\/product\/yoast-seo-wordpress\/ -->\n<title>Catastro y registro (parcelas y fincas) - En Blanc Arquitectura<\/title>\n<meta name=\"robots\" content=\"index, follow, max-snippet:-1, max-image-preview:large, max-video-preview:-1\" \/>\n<link rel=\"canonical\" href=\"https:\/\/enblanc.cat\/es\/servicios\/catastro-y-registro-parcelas-y-fincas\/\" \/>\n<meta property=\"og:locale\" content=\"es_ES\" \/>\n<meta property=\"og:type\" content=\"article\" \/>\n<meta property=\"og:title\" content=\"Catastro y registro (parcelas y fincas) - En Blanc Arquitectura\" \/>\n<meta property=\"og:description\" content=\"Actualizaci\u00f3n y definici\u00f3n un\u00edvoca de la finca o parcela (superficie y l\u00edmites) en ambos registros. Esta coordinaci\u00f3n busca incrementar la seguridad jur\u00eddica en el mercado inmobiliario, puesto que una vez se ha incorporado la representaci\u00f3n gr\u00e1fica catastral y la parcela ha sido coordinada, se consideran ciertos a todos los efectos legales los datos de delimitaci\u00f3n, [&hellip;]\" \/>\n<meta property=\"og:url\" content=\"https:\/\/enblanc.cat\/es\/servicios\/catastro-y-registro-parcelas-y-fincas\/\" \/>\n<meta property=\"og:site_name\" content=\"En Blanc Arquitectura\" \/>\n<meta property=\"article:modified_time\" content=\"2024-02-21T08:08:40+00:00\" \/>\n<meta name=\"twitter:card\" content=\"summary_large_image\" \/>\n<meta name=\"twitter:label1\" content=\"Tiempo de lectura\" \/>\n\t<meta name=\"twitter:data1\" content=\"2 minutos\" \/>\n<script type=\"application\/ld+json\" class=\"yoast-schema-graph\">{\"@context\":\"https:\\\/\\\/schema.org\",\"@graph\":[{\"@type\":\"WebPage\",\"@id\":\"https:\\\/\\\/enblanc.cat\\\/es\\\/servicios\\\/catastro-y-registro-parcelas-y-fincas\\\/\",\"url\":\"https:\\\/\\\/enblanc.cat\\\/es\\\/servicios\\\/catastro-y-registro-parcelas-y-fincas\\\/\",\"name\":\"Catastro y registro (parcelas y fincas) - En Blanc Arquitectura\",\"isPartOf\":{\"@id\":\"https:\\\/\\\/enblanc.cat\\\/#website\"},\"datePublished\":\"2024-02-16T17:54:16+00:00\",\"dateModified\":\"2024-02-21T08:08:40+00:00\",\"breadcrumb\":{\"@id\":\"https:\\\/\\\/enblanc.cat\\\/es\\\/servicios\\\/catastro-y-registro-parcelas-y-fincas\\\/#breadcrumb\"},\"inLanguage\":\"es\",\"potentialAction\":[{\"@type\":\"ReadAction\",\"target\":[\"https:\\\/\\\/enblanc.cat\\\/es\\\/servicios\\\/catastro-y-registro-parcelas-y-fincas\\\/\"]}]},{\"@type\":\"BreadcrumbList\",\"@id\":\"https:\\\/\\\/enblanc.cat\\\/es\\\/servicios\\\/catastro-y-registro-parcelas-y-fincas\\\/#breadcrumb\",\"itemListElement\":[{\"@type\":\"ListItem\",\"position\":1,\"name\":\"Inici\",\"item\":\"https:\\\/\\\/enblanc.cat\\\/\"},{\"@type\":\"ListItem\",\"position\":2,\"name\":\"Servicios\",\"item\":\"https:\\\/\\\/enblanc.cat\\\/serveis\\\/\"},{\"@type\":\"ListItem\",\"position\":3,\"name\":\"Catastro y registro (parcelas y fincas)\"}]},{\"@type\":\"WebSite\",\"@id\":\"https:\\\/\\\/enblanc.cat\\\/#website\",\"url\":\"https:\\\/\\\/enblanc.cat\\\/\",\"name\":\"En Blanc Arquitectura\",\"description\":\"Constru\u00efm espais habitables\",\"publisher\":{\"@id\":\"https:\\\/\\\/enblanc.cat\\\/#organization\"},\"potentialAction\":[{\"@type\":\"SearchAction\",\"target\":{\"@type\":\"EntryPoint\",\"urlTemplate\":\"https:\\\/\\\/enblanc.cat\\\/?s={search_term_string}\"},\"query-input\":{\"@type\":\"PropertyValueSpecification\",\"valueRequired\":true,\"valueName\":\"search_term_string\"}}],\"inLanguage\":\"es\"},{\"@type\":\"Organization\",\"@id\":\"https:\\\/\\\/enblanc.cat\\\/#organization\",\"name\":\"En Blanc Arquitectura\",\"url\":\"https:\\\/\\\/enblanc.cat\\\/\",\"logo\":{\"@type\":\"ImageObject\",\"inLanguage\":\"es\",\"@id\":\"https:\\\/\\\/enblanc.cat\\\/#\\\/schema\\\/logo\\\/image\\\/\",\"url\":\"https:\\\/\\\/enblanc.cat\\\/wp-content\\\/uploads\\\/2024\\\/02\\\/logo-enblanc-arquitectura.svg\",\"contentUrl\":\"https:\\\/\\\/enblanc.cat\\\/wp-content\\\/uploads\\\/2024\\\/02\\\/logo-enblanc-arquitectura.svg\",\"width\":755,\"height\":241,\"caption\":\"En Blanc Arquitectura\"},\"image\":{\"@id\":\"https:\\\/\\\/enblanc.cat\\\/#\\\/schema\\\/logo\\\/image\\\/\"}}]}<\/script>\n<!-- \/ Yoast SEO plugin. -->","yoast_head_json":{"title":"Catastro y registro (parcelas y fincas) - En Blanc Arquitectura","robots":{"index":"index","follow":"follow","max-snippet":"max-snippet:-1","max-image-preview":"max-image-preview:large","max-video-preview":"max-video-preview:-1"},"canonical":"https:\/\/enblanc.cat\/es\/servicios\/catastro-y-registro-parcelas-y-fincas\/","og_locale":"es_ES","og_type":"article","og_title":"Catastro y registro (parcelas y fincas) - En Blanc Arquitectura","og_description":"Actualizaci\u00f3n y definici\u00f3n un\u00edvoca de la finca o parcela (superficie y l\u00edmites) en ambos registros. Esta coordinaci\u00f3n busca incrementar la seguridad jur\u00eddica en el mercado inmobiliario, puesto que una vez se ha incorporado la representaci\u00f3n gr\u00e1fica catastral y la parcela ha sido coordinada, se consideran ciertos a todos los efectos legales los datos de delimitaci\u00f3n, [&hellip;]","og_url":"https:\/\/enblanc.cat\/es\/servicios\/catastro-y-registro-parcelas-y-fincas\/","og_site_name":"En Blanc Arquitectura","article_modified_time":"2024-02-21T08:08:40+00:00","twitter_card":"summary_large_image","twitter_misc":{"Tiempo de lectura":"2 minutos"},"schema":{"@context":"https:\/\/schema.org","@graph":[{"@type":"WebPage","@id":"https:\/\/enblanc.cat\/es\/servicios\/catastro-y-registro-parcelas-y-fincas\/","url":"https:\/\/enblanc.cat\/es\/servicios\/catastro-y-registro-parcelas-y-fincas\/","name":"Catastro y registro (parcelas y fincas) - En Blanc Arquitectura","isPartOf":{"@id":"https:\/\/enblanc.cat\/#website"},"datePublished":"2024-02-16T17:54:16+00:00","dateModified":"2024-02-21T08:08:40+00:00","breadcrumb":{"@id":"https:\/\/enblanc.cat\/es\/servicios\/catastro-y-registro-parcelas-y-fincas\/#breadcrumb"},"inLanguage":"es","potentialAction":[{"@type":"ReadAction","target":["https:\/\/enblanc.cat\/es\/servicios\/catastro-y-registro-parcelas-y-fincas\/"]}]},{"@type":"BreadcrumbList","@id":"https:\/\/enblanc.cat\/es\/servicios\/catastro-y-registro-parcelas-y-fincas\/#breadcrumb","itemListElement":[{"@type":"ListItem","position":1,"name":"Inici","item":"https:\/\/enblanc.cat\/"},{"@type":"ListItem","position":2,"name":"Servicios","item":"https:\/\/enblanc.cat\/serveis\/"},{"@type":"ListItem","position":3,"name":"Catastro y registro (parcelas y fincas)"}]},{"@type":"WebSite","@id":"https:\/\/enblanc.cat\/#website","url":"https:\/\/enblanc.cat\/","name":"En Blanc Arquitectura","description":"Constru\u00efm espais habitables","publisher":{"@id":"https:\/\/enblanc.cat\/#organization"},"potentialAction":[{"@type":"SearchAction","target":{"@type":"EntryPoint","urlTemplate":"https:\/\/enblanc.cat\/?s={search_term_string}"},"query-input":{"@type":"PropertyValueSpecification","valueRequired":true,"valueName":"search_term_string"}}],"inLanguage":"es"},{"@type":"Organization","@id":"https:\/\/enblanc.cat\/#organization","name":"En Blanc Arquitectura","url":"https:\/\/enblanc.cat\/","logo":{"@type":"ImageObject","inLanguage":"es","@id":"https:\/\/enblanc.cat\/#\/schema\/logo\/image\/","url":"https:\/\/enblanc.cat\/wp-content\/uploads\/2024\/02\/logo-enblanc-arquitectura.svg","contentUrl":"https:\/\/enblanc.cat\/wp-content\/uploads\/2024\/02\/logo-enblanc-arquitectura.svg","width":755,"height":241,"caption":"En Blanc Arquitectura"},"image":{"@id":"https:\/\/enblanc.cat\/#\/schema\/logo\/image\/"}}]}},"_links":{"self":[{"href":"https:\/\/enblanc.cat\/es\/wp-json\/wp\/v2\/pages\/1034","targetHints":{"allow":["GET"]}}],"collection":[{"href":"https:\/\/enblanc.cat\/es\/wp-json\/wp\/v2\/pages"}],"about":[{"href":"https:\/\/enblanc.cat\/es\/wp-json\/wp\/v2\/types\/page"}],"author":[{"embeddable":true,"href":"https:\/\/enblanc.cat\/es\/wp-json\/wp\/v2\/users\/1"}],"replies":[{"embeddable":true,"href":"https:\/\/enblanc.cat\/es\/wp-json\/wp\/v2\/comments?post=1034"}],"version-history":[{"count":1,"href":"https:\/\/enblanc.cat\/es\/wp-json\/wp\/v2\/pages\/1034\/revisions"}],"predecessor-version":[{"id":1035,"href":"https:\/\/enblanc.cat\/es\/wp-json\/wp\/v2\/pages\/1034\/revisions\/1035"}],"up":[{"embeddable":true,"href":"https:\/\/enblanc.cat\/es\/wp-json\/wp\/v2\/pages\/708"}],"wp:attachment":[{"href":"https:\/\/enblanc.cat\/es\/wp-json\/wp\/v2\/media?parent=1034"}],"curies":[{"name":"wp","href":"https:\/\/api.w.org\/{rel}","templated":true}]}}

<p><span style="font-weight: 400;">Actualización y definición unívoca de la finca o parcela (superficie y límites) en ambos registros.</span></p>

<p><span style="font-weight: 400;">Esta coordinación busca incrementar la seguridad jurídica en el mercado inmobiliario, puesto que una vez se ha incorporado la representación gráfica catastral y la parcela ha sido coordinada, se consideran ciertos a todos los efectos legales los datos de delimitación, ubicación y superficie de la representación gráfica inscrita.</span></p>

<p><span style="font-weight: 400;">Una finca coordinada no podrá incorporar ninguna otra representación que se sobreponga, invada o resulte contradictoria con las coordenadas de la finca coordinada, en virtud del principio de prioridad registral.</span></p>

<p><span style="font-weight: 400;">La coordinación entre ambos registros es obligatoria en los casos de </span><b>Segregaciones y reparcelaciones</b><span style="font-weight: 400;">, </span><b>Agrupaciones e inmatriculaciones</b><span style="font-weight: 400;">. En el resto de los casos es voluntaria.</span></p>

<div style="height:30px" aria-hidden="true" class="wp-block-spacer"></div>

<h2 class="wp-block-heading">Procedimiento por una coordinación Catastro – Registro</h2>

<p><span style="font-weight: 400;">Mediante una </span>Representación Gráfica Alternativa<span style="font-weight: 400;"> (RGA) podemos incorporar al catastro el perímetro real de la parcela, ajustada a la realidad física existente. Difiere de la representación gráfica de la Certificación Catastral Descriptiva y Gráfica (CCDG) que puede obtener el propietario desde la sede electrónica del catastro.</span></p>

<p><span style="font-weight: 400;">La <strong>Representación Gráfica Alternativa</strong> será la representación real y exacto de la parcela. Esta representación partirá de un levantamiento topográfico.</span>&#13;
&#13;
 </p>

<p><span style="font-weight: 400;">Normalmente para hacer una representación gráfica alternativa hace falta, previamente, deslindar la finca con los vecinos. La Representación Gráfica Alternativa, para poderse validar positivamente, tiene que incluir todas las parcelas que modifica.</span></p>

<p><span style="font-weight: 400;">Hay que elaborar la Representación Gráfica Alternativa (RGA) en formato GML. Con todas las parcelas afectadas. Una vez tengamos la RGA correcto, se obtendrá el </span><b>Informe de Validación Gráfica</b><span style="font-weight: 400;"> (IVG) al catastro.</span></p>

<p><span style="font-weight: 400;">Una vez tenemos el Informe de Validación Gráfica Positiva, el propietario de la finca puede entrar este informe al Registro de la Propiedad (más rápido, pero costoso) o mediante una coordinación directo al catastro (más lento, pero gratuito).</span></p>

<p><span style="font-weight: 400;">Si dentro de la parcela se tiene que registrar una construcción nueva o existente, se hará mediante un </span><b>Informe Catastral de Ubicación de Construcciones</b><span style="font-weight: 400;"> (ICUC).</span></p>

<p>Actualización y definición unívoca de la finca o parcela (superficie y límites) en ambos registros. Esta coordinación busca incrementar la seguridad jurídica en el mercado inmobiliario, puesto que una vez se ha incorporado la representación gráfica catastral y la parcela ha sido coordinada, se consideran ciertos a todos los efectos legales los datos de delimitación, [&hellip;]</p>

<!-- This site is optimized with the Yoast SEO plugin v27.5 - https://yoast.com/product/yoast-seo-wordpress/ -->
<title>Catastro y registro (parcelas y fincas) - En Blanc Arquitectura</title>
<meta name="robots" content="index, follow, max-snippet:-1, max-image-preview:large, max-video-preview:-1" />
<link rel="canonical" href="https://enblanc.cat/es/servicios/catastro-y-registro-parcelas-y-fincas/" />
<meta property="og:locale" content="es_ES" />
<meta property="og:type" content="article" />
<meta property="og:title" content="Catastro y registro (parcelas y fincas) - En Blanc Arquitectura" />
<meta property="og:description" content="Actualización y definición unívoca de la finca o parcela (superficie y límites) en ambos registros. Esta coordinación busca incrementar la seguridad jurídica en el mercado inmobiliario, puesto que una vez se ha incorporado la representación gráfica catastral y la parcela ha sido coordinada, se consideran ciertos a todos los efectos legales los datos de delimitación, [&hellip;]" />
<meta property="og:url" content="https://enblanc.cat/es/servicios/catastro-y-registro-parcelas-y-fincas/" />
<meta property="og:site_name" content="En Blanc Arquitectura" />
<meta property="article:modified_time" content="2024-02-21T08:08:40+00:00" />
<meta name="twitter:card" content="summary_large_image" />
<meta name="twitter:label1" content="Tiempo de lectura" />
	<meta name="twitter:data1" content="2 minutos" />
<script type="application/ld+json" class="yoast-schema-graph">{"@context":"https:\/\/schema.org","@graph":[{"@type":"WebPage","@id":"https:\/\/enblanc.cat\/es\/servicios\/catastro-y-registro-parcelas-y-fincas\/","url":"https:\/\/enblanc.cat\/es\/servicios\/catastro-y-registro-parcelas-y-fincas\/","name":"Catastro y registro (parcelas y fincas) - En Blanc Arquitectura","isPartOf":{"@id":"https:\/\/enblanc.cat\/#website"},"datePublished":"2024-02-16T17:54:16+00:00","dateModified":"2024-02-21T08:08:40+00:00","breadcrumb":{"@id":"https:\/\/enblanc.cat\/es\/servicios\/catastro-y-registro-parcelas-y-fincas\/#breadcrumb"},"inLanguage":"es","potentialAction":[{"@type":"ReadAction","target":["https:\/\/enblanc.cat\/es\/servicios\/catastro-y-registro-parcelas-y-fincas\/"]}]},{"@type":"BreadcrumbList","@id":"https:\/\/enblanc.cat\/es\/servicios\/catastro-y-registro-parcelas-y-fincas\/#breadcrumb","itemListElement":[{"@type":"ListItem","position":1,"name":"Inici","item":"https:\/\/enblanc.cat\/"},{"@type":"ListItem","position":2,"name":"Servicios","item":"https:\/\/enblanc.cat\/serveis\/"},{"@type":"ListItem","position":3,"name":"Catastro y registro (parcelas y fincas)"}]},{"@type":"WebSite","@id":"https:\/\/enblanc.cat\/#website","url":"https:\/\/enblanc.cat\/","name":"En Blanc Arquitectura","description":"Construïm espais habitables","publisher":{"@id":"https:\/\/enblanc.cat\/#organization"},"potentialAction":[{"@type":"SearchAction","target":{"@type":"EntryPoint","urlTemplate":"https:\/\/enblanc.cat\/?s={search_term_string}"},"query-input":{"@type":"PropertyValueSpecification","valueRequired":true,"valueName":"search_term_string"}}],"inLanguage":"es"},{"@type":"Organization","@id":"https:\/\/enblanc.cat\/#organization","name":"En Blanc Arquitectura","url":"https:\/\/enblanc.cat\/","logo":{"@type":"ImageObject","inLanguage":"es","@id":"https:\/\/enblanc.cat\/#\/schema\/logo\/image\/","url":"https:\/\/enblanc.cat\/wp-content\/uploads\/2024\/02\/logo-enblanc-arquitectura.svg","contentUrl":"https:\/\/enblanc.cat\/wp-content\/uploads\/2024\/02\/logo-enblanc-arquitectura.svg","width":755,"height":241,"caption":"En Blanc Arquitectura"},"image":{"@id":"https:\/\/enblanc.cat\/#\/schema\/logo\/image\/"}}]}</script>
<!-- / Yoast SEO plugin. -->

Actualización y definición unívoca de la finca o parcela (superficie y límites) en ambos registros. Esta coordinación busca incrementar la seguridad jurídica en el mercado inmobiliario, puesto que una vez se ha incorporado la representación gráfica catastral y la parcela ha sido coordinada, se consideran ciertos a todos los efectos legales los datos de delimitación, [&hellip;]

Construïm espais habitables
