{"id":1000,"date":"2024-01-30T10:10:33","date_gmt":"2024-01-30T08:10:33","guid":{"rendered":"https:\/\/enblanc.cat\/projecte\/escuela-y-polideportivo-fanals\/"},"modified":"2024-02-19T16:44:38","modified_gmt":"2024-02-19T14:44:38","slug":"escuela-y-polideportivo-fanals","status":"publish","type":"projecte","link":"https:\/\/enblanc.cat\/es\/projecte\/escuela-y-polideportivo-fanals\/","title":{"rendered":"Escuela y polideportivo Fanals"},"content":{"rendered":"\n<p>La propuesta para la nueva escuela Fanals busca poder integrarse dentro del entorno natural de bosque existente, de la manera siguiente:&#13;\n<\/p>\n\n<p><strong>TOPOGRAF\u00cdA <\/strong>\u00a0respetando los desniveles naturales del terreno y alterando m\u00ednimamente su estado inicial.<\/p>\n\n<p><strong>CONSTRUCCI\u00d3N<\/strong> con la utilizaci\u00f3n de sistemas y materiales naturales, de proximidad, en armon\u00eda con el entorno.<\/p>\n\n<p><strong>PAISAJE<\/strong> con la utilizaci\u00f3n de los colores propios del entorno, mimetiz\u00e1ndose con la vegetaci\u00f3n existente y respet\u00e1ndola en la mayor medida posible.<\/p>\n\n<p><strong>Escuela primaria<\/strong><\/p>\n\n<p>Compuesta de dos plantas con acceso directo a pie debido al desnivel de la topograf\u00eda existente y a la adaptaci\u00f3n del edificio a su entorno natural. Esto permitir\u00e1 una mayor versatilidad en la organizaci\u00f3n de los horarios lectivos y no lectivos, permitiendo crear y abrir los diferentes accesos y espacios exteriores de la escuela, desvincul\u00e1ndolos del resto de las aulas y programa docente.<\/p>\n\n<p>El vest\u00edbulo de entrada principal est\u00e1 formado por un gran espacio a doble altura que act\u00faa como un gran invernadero, que retiene el calor del sol en invierno, y hace circular el aire en verano. Esta pieza se convierte en el nexo de uni\u00f3n de las dos plantas, articulando todo el programa de la propuesta.&#13;\n<\/p>\n\n<p>La relaci\u00f3n del edificio con el bosque es inmediata, situando el m\u00e1ximo n\u00famero de aulas orientadas al pinar existente. Adem\u00e1s, la construcci\u00f3n de las aulas act\u00faa como puente, creando una propuesta menos invasiva con el terreno, y relacionando directamente las pistas del patio con el bosque. Este puente nos crea un gran espacio cubierto para el patio de la escuela, a la vez que nos protege la entrada y circulaciones a la zona de vestuarios y gimnasio.<\/p>\n\n<p><strong>Escuela infantil<\/strong><\/p>\n\n<p>La escuela infantil se sit\u00faa en la intersecci\u00f3n de dos calles, en la zona de la parcela con mejor accesibilidad, la topograf\u00eda m\u00e1s plana y mejor orientaci\u00f3n. Su geometr\u00eda circular y org\u00e1nica est\u00e1 pensada para estimular la creatividad de los m\u00e1s peque\u00f1os. Tanto por su forma como ubicaci\u00f3n, la escuela infantil act\u00faa como una r\u00f3tula de todo el conjunto de Fanals, permitiendo relacionarse f\u00e1cilmente con las pistas de la escuela primaria y el polideportivo.<\/p>\n\n<p><strong>Polideportivo Fanals<\/strong><\/p>\n\n<p>Nuevo pabell\u00f3n deportivo con acceso desde calle y desde el recinto privado de la escuela. El edificio se coloca en la cota topogr\u00e1fica m\u00e1s baja para evitar que la altura de todo el edificio provoque un efecto pantalla, generando un fuerte impacto visual sobre las preexistencias del entorno. Este criterio de implantaci\u00f3n condiciona que parte del edificio quede\u00a0semienterrado, generando que las gradas queden al mismo nivel que el patio de la escuela y el bosque, permitiendo una relaci\u00f3n directa del espectador con el entorno natural del edificio.&#13;\n<\/p>\n","protected":false},"featured_media":668,"template":"","categoria-de-projecte":[23],"class_list":["post-1000","projecte","type-projecte","status-publish","has-post-thumbnail","hentry","categoria-de-projecte-proyecto-educativo"],"acf":[],"yoast_head":"<!-- This site is optimized with the Yoast SEO plugin v27.5 - https:\/\/yoast.com\/product\/yoast-seo-wordpress\/ -->\n<title>Escuela y polideportivo Fanals - En Blanc Arquitectura<\/title>\n<meta name=\"robots\" content=\"index, follow, max-snippet:-1, max-image-preview:large, max-video-preview:-1\" \/>\n<link rel=\"canonical\" href=\"https:\/\/enblanc.cat\/es\/projecte\/escuela-y-polideportivo-fanals\/\" \/>\n<meta property=\"og:locale\" content=\"es_ES\" \/>\n<meta property=\"og:type\" content=\"article\" \/>\n<meta property=\"og:title\" content=\"Escuela y polideportivo Fanals - En Blanc Arquitectura\" \/>\n<meta property=\"og:description\" content=\"La propuesta para la nueva escuela Fanals busca poder integrarse dentro del entorno natural de bosque existente, de la manera siguiente:&#013; TOPOGRAF\u00cdA \u00a0respetando los desniveles naturales del terreno y alterando m\u00ednimamente su estado inicial. CONSTRUCCI\u00d3N con la utilizaci\u00f3n de sistemas y materiales naturales, de proximidad, en armon\u00eda con el entorno. PAISAJE con la utilizaci\u00f3n de [&hellip;]\" \/>\n<meta property=\"og:url\" content=\"https:\/\/enblanc.cat\/es\/projecte\/escuela-y-polideportivo-fanals\/\" \/>\n<meta property=\"og:site_name\" content=\"En Blanc Arquitectura\" \/>\n<meta property=\"article:modified_time\" content=\"2024-02-19T14:44:38+00:00\" \/>\n<meta property=\"og:image\" content=\"https:\/\/enblanc.cat\/wp-content\/uploads\/2024\/01\/render-escola-fanals-destacada.webp\" \/>\n\t<meta property=\"og:image:width\" content=\"1440\" \/>\n\t<meta property=\"og:image:height\" content=\"810\" \/>\n\t<meta property=\"og:image:type\" content=\"image\/webp\" \/>\n<meta name=\"twitter:card\" content=\"summary_large_image\" \/>\n<meta name=\"twitter:label1\" content=\"Tiempo de lectura\" \/>\n\t<meta name=\"twitter:data1\" content=\"2 minutos\" \/>\n<script type=\"application\/ld+json\" class=\"yoast-schema-graph\">{\"@context\":\"https:\\\/\\\/schema.org\",\"@graph\":[{\"@type\":\"WebPage\",\"@id\":\"https:\\\/\\\/enblanc.cat\\\/es\\\/projecte\\\/escuela-y-polideportivo-fanals\\\/\",\"url\":\"https:\\\/\\\/enblanc.cat\\\/es\\\/projecte\\\/escuela-y-polideportivo-fanals\\\/\",\"name\":\"Escuela y polideportivo Fanals - En Blanc Arquitectura\",\"isPartOf\":{\"@id\":\"https:\\\/\\\/enblanc.cat\\\/#website\"},\"primaryImageOfPage\":{\"@id\":\"https:\\\/\\\/enblanc.cat\\\/es\\\/projecte\\\/escuela-y-polideportivo-fanals\\\/#primaryimage\"},\"image\":{\"@id\":\"https:\\\/\\\/enblanc.cat\\\/es\\\/projecte\\\/escuela-y-polideportivo-fanals\\\/#primaryimage\"},\"thumbnailUrl\":\"https:\\\/\\\/enblanc.cat\\\/wp-content\\\/uploads\\\/2024\\\/01\\\/render-escola-fanals-destacada.webp\",\"datePublished\":\"2024-01-30T08:10:33+00:00\",\"dateModified\":\"2024-02-19T14:44:38+00:00\",\"breadcrumb\":{\"@id\":\"https:\\\/\\\/enblanc.cat\\\/es\\\/projecte\\\/escuela-y-polideportivo-fanals\\\/#breadcrumb\"},\"inLanguage\":\"es\",\"potentialAction\":[{\"@type\":\"ReadAction\",\"target\":[\"https:\\\/\\\/enblanc.cat\\\/es\\\/projecte\\\/escuela-y-polideportivo-fanals\\\/\"]}]},{\"@type\":\"ImageObject\",\"inLanguage\":\"es\",\"@id\":\"https:\\\/\\\/enblanc.cat\\\/es\\\/projecte\\\/escuela-y-polideportivo-fanals\\\/#primaryimage\",\"url\":\"https:\\\/\\\/enblanc.cat\\\/wp-content\\\/uploads\\\/2024\\\/01\\\/render-escola-fanals-destacada.webp\",\"contentUrl\":\"https:\\\/\\\/enblanc.cat\\\/wp-content\\\/uploads\\\/2024\\\/01\\\/render-escola-fanals-destacada.webp\",\"width\":1440,\"height\":810,\"caption\":\"Projecte d'escola arquitecte\"},{\"@type\":\"BreadcrumbList\",\"@id\":\"https:\\\/\\\/enblanc.cat\\\/es\\\/projecte\\\/escuela-y-polideportivo-fanals\\\/#breadcrumb\",\"itemListElement\":[{\"@type\":\"ListItem\",\"position\":1,\"name\":\"Inici\",\"item\":\"https:\\\/\\\/enblanc.cat\\\/\"},{\"@type\":\"ListItem\",\"position\":2,\"name\":\"Escuela y polideportivo Fanals\"}]},{\"@type\":\"WebSite\",\"@id\":\"https:\\\/\\\/enblanc.cat\\\/#website\",\"url\":\"https:\\\/\\\/enblanc.cat\\\/\",\"name\":\"En Blanc Arquitectura\",\"description\":\"Constru\u00efm espais habitables\",\"publisher\":{\"@id\":\"https:\\\/\\\/enblanc.cat\\\/#organization\"},\"potentialAction\":[{\"@type\":\"SearchAction\",\"target\":{\"@type\":\"EntryPoint\",\"urlTemplate\":\"https:\\\/\\\/enblanc.cat\\\/?s={search_term_string}\"},\"query-input\":{\"@type\":\"PropertyValueSpecification\",\"valueRequired\":true,\"valueName\":\"search_term_string\"}}],\"inLanguage\":\"es\"},{\"@type\":\"Organization\",\"@id\":\"https:\\\/\\\/enblanc.cat\\\/#organization\",\"name\":\"En Blanc Arquitectura\",\"url\":\"https:\\\/\\\/enblanc.cat\\\/\",\"logo\":{\"@type\":\"ImageObject\",\"inLanguage\":\"es\",\"@id\":\"https:\\\/\\\/enblanc.cat\\\/#\\\/schema\\\/logo\\\/image\\\/\",\"url\":\"https:\\\/\\\/enblanc.cat\\\/wp-content\\\/uploads\\\/2024\\\/02\\\/logo-enblanc-arquitectura.svg\",\"contentUrl\":\"https:\\\/\\\/enblanc.cat\\\/wp-content\\\/uploads\\\/2024\\\/02\\\/logo-enblanc-arquitectura.svg\",\"width\":755,\"height\":241,\"caption\":\"En Blanc Arquitectura\"},\"image\":{\"@id\":\"https:\\\/\\\/enblanc.cat\\\/#\\\/schema\\\/logo\\\/image\\\/\"}}]}<\/script>\n<!-- \/ Yoast SEO plugin. -->","yoast_head_json":{"title":"Escuela y polideportivo Fanals - En Blanc Arquitectura","robots":{"index":"index","follow":"follow","max-snippet":"max-snippet:-1","max-image-preview":"max-image-preview:large","max-video-preview":"max-video-preview:-1"},"canonical":"https:\/\/enblanc.cat\/es\/projecte\/escuela-y-polideportivo-fanals\/","og_locale":"es_ES","og_type":"article","og_title":"Escuela y polideportivo Fanals - En Blanc Arquitectura","og_description":"La propuesta para la nueva escuela Fanals busca poder integrarse dentro del entorno natural de bosque existente, de la manera siguiente:&#13; TOPOGRAF\u00cdA \u00a0respetando los desniveles naturales del terreno y alterando m\u00ednimamente su estado inicial. CONSTRUCCI\u00d3N con la utilizaci\u00f3n de sistemas y materiales naturales, de proximidad, en armon\u00eda con el entorno. PAISAJE con la utilizaci\u00f3n de [&hellip;]","og_url":"https:\/\/enblanc.cat\/es\/projecte\/escuela-y-polideportivo-fanals\/","og_site_name":"En Blanc Arquitectura","article_modified_time":"2024-02-19T14:44:38+00:00","og_image":[{"width":1440,"height":810,"url":"https:\/\/enblanc.cat\/wp-content\/uploads\/2024\/01\/render-escola-fanals-destacada.webp","type":"image\/webp"}],"twitter_card":"summary_large_image","twitter_misc":{"Tiempo de lectura":"2 minutos"},"schema":{"@context":"https:\/\/schema.org","@graph":[{"@type":"WebPage","@id":"https:\/\/enblanc.cat\/es\/projecte\/escuela-y-polideportivo-fanals\/","url":"https:\/\/enblanc.cat\/es\/projecte\/escuela-y-polideportivo-fanals\/","name":"Escuela y polideportivo Fanals - En Blanc Arquitectura","isPartOf":{"@id":"https:\/\/enblanc.cat\/#website"},"primaryImageOfPage":{"@id":"https:\/\/enblanc.cat\/es\/projecte\/escuela-y-polideportivo-fanals\/#primaryimage"},"image":{"@id":"https:\/\/enblanc.cat\/es\/projecte\/escuela-y-polideportivo-fanals\/#primaryimage"},"thumbnailUrl":"https:\/\/enblanc.cat\/wp-content\/uploads\/2024\/01\/render-escola-fanals-destacada.webp","datePublished":"2024-01-30T08:10:33+00:00","dateModified":"2024-02-19T14:44:38+00:00","breadcrumb":{"@id":"https:\/\/enblanc.cat\/es\/projecte\/escuela-y-polideportivo-fanals\/#breadcrumb"},"inLanguage":"es","potentialAction":[{"@type":"ReadAction","target":["https:\/\/enblanc.cat\/es\/projecte\/escuela-y-polideportivo-fanals\/"]}]},{"@type":"ImageObject","inLanguage":"es","@id":"https:\/\/enblanc.cat\/es\/projecte\/escuela-y-polideportivo-fanals\/#primaryimage","url":"https:\/\/enblanc.cat\/wp-content\/uploads\/2024\/01\/render-escola-fanals-destacada.webp","contentUrl":"https:\/\/enblanc.cat\/wp-content\/uploads\/2024\/01\/render-escola-fanals-destacada.webp","width":1440,"height":810,"caption":"Projecte d'escola arquitecte"},{"@type":"BreadcrumbList","@id":"https:\/\/enblanc.cat\/es\/projecte\/escuela-y-polideportivo-fanals\/#breadcrumb","itemListElement":[{"@type":"ListItem","position":1,"name":"Inici","item":"https:\/\/enblanc.cat\/"},{"@type":"ListItem","position":2,"name":"Escuela y polideportivo Fanals"}]},{"@type":"WebSite","@id":"https:\/\/enblanc.cat\/#website","url":"https:\/\/enblanc.cat\/","name":"En Blanc Arquitectura","description":"Constru\u00efm espais habitables","publisher":{"@id":"https:\/\/enblanc.cat\/#organization"},"potentialAction":[{"@type":"SearchAction","target":{"@type":"EntryPoint","urlTemplate":"https:\/\/enblanc.cat\/?s={search_term_string}"},"query-input":{"@type":"PropertyValueSpecification","valueRequired":true,"valueName":"search_term_string"}}],"inLanguage":"es"},{"@type":"Organization","@id":"https:\/\/enblanc.cat\/#organization","name":"En Blanc Arquitectura","url":"https:\/\/enblanc.cat\/","logo":{"@type":"ImageObject","inLanguage":"es","@id":"https:\/\/enblanc.cat\/#\/schema\/logo\/image\/","url":"https:\/\/enblanc.cat\/wp-content\/uploads\/2024\/02\/logo-enblanc-arquitectura.svg","contentUrl":"https:\/\/enblanc.cat\/wp-content\/uploads\/2024\/02\/logo-enblanc-arquitectura.svg","width":755,"height":241,"caption":"En Blanc Arquitectura"},"image":{"@id":"https:\/\/enblanc.cat\/#\/schema\/logo\/image\/"}}]}},"_links":{"self":[{"href":"https:\/\/enblanc.cat\/es\/wp-json\/wp\/v2\/projecte\/1000","targetHints":{"allow":["GET"]}}],"collection":[{"href":"https:\/\/enblanc.cat\/es\/wp-json\/wp\/v2\/projecte"}],"about":[{"href":"https:\/\/enblanc.cat\/es\/wp-json\/wp\/v2\/types\/projecte"}],"wp:featuredmedia":[{"embeddable":true,"href":"https:\/\/enblanc.cat\/es\/wp-json\/wp\/v2\/media\/668"}],"wp:attachment":[{"href":"https:\/\/enblanc.cat\/es\/wp-json\/wp\/v2\/media?parent=1000"}],"wp:term":[{"taxonomy":"categoria-de-projecte","embeddable":true,"href":"https:\/\/enblanc.cat\/es\/wp-json\/wp\/v2\/categoria-de-projecte?post=1000"}],"curies":[{"name":"wp","href":"https:\/\/api.w.org\/{rel}","templated":true}]}}

<p>La propuesta para la nueva escuela Fanals busca poder integrarse dentro del entorno natural de bosque existente, de la manera siguiente:&#13;
</p>

<p><strong>TOPOGRAFÍA </strong> respetando los desniveles naturales del terreno y alterando mínimamente su estado inicial.</p>

<p><strong>CONSTRUCCIÓN</strong> con la utilización de sistemas y materiales naturales, de proximidad, en armonía con el entorno.</p>

<p><strong>PAISAJE</strong> con la utilización de los colores propios del entorno, mimetizándose con la vegetación existente y respetándola en la mayor medida posible.</p>

<p><strong>Escuela primaria</strong></p>

<p>Compuesta de dos plantas con acceso directo a pie debido al desnivel de la topografía existente y a la adaptación del edificio a su entorno natural. Esto permitirá una mayor versatilidad en la organización de los horarios lectivos y no lectivos, permitiendo crear y abrir los diferentes accesos y espacios exteriores de la escuela, desvinculándolos del resto de las aulas y programa docente.</p>

<p>El vestíbulo de entrada principal está formado por un gran espacio a doble altura que actúa como un gran invernadero, que retiene el calor del sol en invierno, y hace circular el aire en verano. Esta pieza se convierte en el nexo de unión de las dos plantas, articulando todo el programa de la propuesta.&#13;
</p>

<p>La relación del edificio con el bosque es inmediata, situando el máximo número de aulas orientadas al pinar existente. Además, la construcción de las aulas actúa como puente, creando una propuesta menos invasiva con el terreno, y relacionando directamente las pistas del patio con el bosque. Este puente nos crea un gran espacio cubierto para el patio de la escuela, a la vez que nos protege la entrada y circulaciones a la zona de vestuarios y gimnasio.</p>

<p><strong>Escuela infantil</strong></p>

<p>La escuela infantil se sitúa en la intersección de dos calles, en la zona de la parcela con mejor accesibilidad, la topografía más plana y mejor orientación. Su geometría circular y orgánica está pensada para estimular la creatividad de los más pequeños. Tanto por su forma como ubicación, la escuela infantil actúa como una rótula de todo el conjunto de Fanals, permitiendo relacionarse fácilmente con las pistas de la escuela primaria y el polideportivo.</p>

<p><strong>Polideportivo Fanals</strong></p>

<p>Nuevo pabellón deportivo con acceso desde calle y desde el recinto privado de la escuela. El edificio se coloca en la cota topográfica más baja para evitar que la altura de todo el edificio provoque un efecto pantalla, generando un fuerte impacto visual sobre las preexistencias del entorno. Este criterio de implantación condiciona que parte del edificio quede semienterrado, generando que las gradas queden al mismo nivel que el patio de la escuela y el bosque, permitiendo una relación directa del espectador con el entorno natural del edificio.&#13;
</p>

<!-- This site is optimized with the Yoast SEO plugin v27.5 - https://yoast.com/product/yoast-seo-wordpress/ -->
<title>Escuela y polideportivo Fanals - En Blanc Arquitectura</title>
<meta name="robots" content="index, follow, max-snippet:-1, max-image-preview:large, max-video-preview:-1" />
<link rel="canonical" href="https://enblanc.cat/es/projecte/escuela-y-polideportivo-fanals/" />
<meta property="og:locale" content="es_ES" />
<meta property="og:type" content="article" />
<meta property="og:title" content="Escuela y polideportivo Fanals - En Blanc Arquitectura" />
<meta property="og:description" content="La propuesta para la nueva escuela Fanals busca poder integrarse dentro del entorno natural de bosque existente, de la manera siguiente:&#013; TOPOGRAFÍA  respetando los desniveles naturales del terreno y alterando mínimamente su estado inicial. CONSTRUCCIÓN con la utilización de sistemas y materiales naturales, de proximidad, en armonía con el entorno. PAISAJE con la utilización de [&hellip;]" />
<meta property="og:url" content="https://enblanc.cat/es/projecte/escuela-y-polideportivo-fanals/" />
<meta property="og:site_name" content="En Blanc Arquitectura" />
<meta property="article:modified_time" content="2024-02-19T14:44:38+00:00" />
<meta property="og:image" content="https://enblanc.cat/wp-content/uploads/2024/01/render-escola-fanals-destacada.webp" />
	<meta property="og:image:width" content="1440" />
	<meta property="og:image:height" content="810" />
	<meta property="og:image:type" content="image/webp" />
<meta name="twitter:card" content="summary_large_image" />
<meta name="twitter:label1" content="Tiempo de lectura" />
	<meta name="twitter:data1" content="2 minutos" />
<script type="application/ld+json" class="yoast-schema-graph">{"@context":"https:\/\/schema.org","@graph":[{"@type":"WebPage","@id":"https:\/\/enblanc.cat\/es\/projecte\/escuela-y-polideportivo-fanals\/","url":"https:\/\/enblanc.cat\/es\/projecte\/escuela-y-polideportivo-fanals\/","name":"Escuela y polideportivo Fanals - En Blanc Arquitectura","isPartOf":{"@id":"https:\/\/enblanc.cat\/#website"},"primaryImageOfPage":{"@id":"https:\/\/enblanc.cat\/es\/projecte\/escuela-y-polideportivo-fanals\/#primaryimage"},"image":{"@id":"https:\/\/enblanc.cat\/es\/projecte\/escuela-y-polideportivo-fanals\/#primaryimage"},"thumbnailUrl":"https:\/\/enblanc.cat\/wp-content\/uploads\/2024\/01\/render-escola-fanals-destacada.webp","datePublished":"2024-01-30T08:10:33+00:00","dateModified":"2024-02-19T14:44:38+00:00","breadcrumb":{"@id":"https:\/\/enblanc.cat\/es\/projecte\/escuela-y-polideportivo-fanals\/#breadcrumb"},"inLanguage":"es","potentialAction":[{"@type":"ReadAction","target":["https:\/\/enblanc.cat\/es\/projecte\/escuela-y-polideportivo-fanals\/"]}]},{"@type":"ImageObject","inLanguage":"es","@id":"https:\/\/enblanc.cat\/es\/projecte\/escuela-y-polideportivo-fanals\/#primaryimage","url":"https:\/\/enblanc.cat\/wp-content\/uploads\/2024\/01\/render-escola-fanals-destacada.webp","contentUrl":"https:\/\/enblanc.cat\/wp-content\/uploads\/2024\/01\/render-escola-fanals-destacada.webp","width":1440,"height":810,"caption":"Projecte d'escola arquitecte"},{"@type":"BreadcrumbList","@id":"https:\/\/enblanc.cat\/es\/projecte\/escuela-y-polideportivo-fanals\/#breadcrumb","itemListElement":[{"@type":"ListItem","position":1,"name":"Inici","item":"https:\/\/enblanc.cat\/"},{"@type":"ListItem","position":2,"name":"Escuela y polideportivo Fanals"}]},{"@type":"WebSite","@id":"https:\/\/enblanc.cat\/#website","url":"https:\/\/enblanc.cat\/","name":"En Blanc Arquitectura","description":"Construïm espais habitables","publisher":{"@id":"https:\/\/enblanc.cat\/#organization"},"potentialAction":[{"@type":"SearchAction","target":{"@type":"EntryPoint","urlTemplate":"https:\/\/enblanc.cat\/?s={search_term_string}"},"query-input":{"@type":"PropertyValueSpecification","valueRequired":true,"valueName":"search_term_string"}}],"inLanguage":"es"},{"@type":"Organization","@id":"https:\/\/enblanc.cat\/#organization","name":"En Blanc Arquitectura","url":"https:\/\/enblanc.cat\/","logo":{"@type":"ImageObject","inLanguage":"es","@id":"https:\/\/enblanc.cat\/#\/schema\/logo\/image\/","url":"https:\/\/enblanc.cat\/wp-content\/uploads\/2024\/02\/logo-enblanc-arquitectura.svg","contentUrl":"https:\/\/enblanc.cat\/wp-content\/uploads\/2024\/02\/logo-enblanc-arquitectura.svg","width":755,"height":241,"caption":"En Blanc Arquitectura"},"image":{"@id":"https:\/\/enblanc.cat\/#\/schema\/logo\/image\/"}}]}</script>
<!-- / Yoast SEO plugin. -->

La propuesta para la nueva escuela Fanals busca poder integrarse dentro del entorno natural de bosque existente, de la manera siguiente:&#13; TOPOGRAFÍA  respetando los desniveles naturales del terreno y alterando mínimamente su estado inicial. CONSTRUCCIÓN con la utilización de sistemas y materiales naturales, de proximidad, en armonía con el entorno. PAISAJE con la utilización de [&hellip;]

Construïm espais habitables
