{"id":1003,"date":"2024-01-30T10:10:26","date_gmt":"2024-01-30T08:10:26","guid":{"rendered":"https:\/\/enblanc.cat\/projecte\/edificio-plurifamiliar-en-blanes\/"},"modified":"2024-02-19T16:48:12","modified_gmt":"2024-02-19T14:48:12","slug":"edificio-plurifamiliar-en-blanes","status":"publish","type":"projecte","link":"https:\/\/enblanc.cat\/es\/projecte\/edificio-plurifamiliar-en-blanes\/","title":{"rendered":"Edificio plurifamiliar en Blanes"},"content":{"rendered":"\n<p>Se proyecta un edificio de cinco plantas de viviendas, buscando la mejor orientaci\u00f3n dentro de los l\u00edmites propuestos, con un dise\u00f1o de espacios comunes que favorece la interacci\u00f3n entre los usuarios de una misma planta.<\/p>\n\n<p>A cada planta se distribuyen diferentes modalidades de vivienda, que se adaptan al estilo de vida de los diferentes habitantes.<\/p>\n\n<p>La planta baja se proyecta de forma extensiva, dando continuidad al espacio p\u00fablico y permitiendo una mayor libertad de movimiento.<\/p>\n\n<p>El edificio est\u00e1 pensado a partir de una estructura modular, sencilla y resolutiva. Utilizando materiales econ\u00f3micos y de bajo impacto ambiental, con procesos constructivos sistematizados, de f\u00e1cil mantenimiento y reparaci\u00f3n.<\/p>\n\n<p>Apuesta por una arquitectura sostenible &#8211; Mediante el dise\u00f1o, las t\u00e9cnicas de construcci\u00f3n y las instalaciones, el proyecto introduce toda una serie de medidas pasivas y activas para conseguir una mejor eficiencia energ\u00e9tica del edificio.<\/p>\n","protected":false},"featured_media":678,"template":"","categoria-de-projecte":[24],"class_list":["post-1003","projecte","type-projecte","status-publish","has-post-thumbnail","hentry","categoria-de-projecte-proyecto-residencial"],"acf":[],"yoast_head":"<!-- This site is optimized with the Yoast SEO plugin v27.5 - https:\/\/yoast.com\/product\/yoast-seo-wordpress\/ -->\n<title>Edificio plurifamiliar en Blanes - En Blanc Arquitectura<\/title>\n<meta name=\"robots\" content=\"index, follow, max-snippet:-1, max-image-preview:large, max-video-preview:-1\" \/>\n<link rel=\"canonical\" href=\"https:\/\/enblanc.cat\/es\/projecte\/edificio-plurifamiliar-en-blanes\/\" \/>\n<meta property=\"og:locale\" content=\"es_ES\" \/>\n<meta property=\"og:type\" content=\"article\" \/>\n<meta property=\"og:title\" content=\"Edificio plurifamiliar en Blanes - En Blanc Arquitectura\" \/>\n<meta property=\"og:description\" content=\"Se proyecta un edificio de cinco plantas de viviendas, buscando la mejor orientaci\u00f3n dentro de los l\u00edmites propuestos, con un dise\u00f1o de espacios comunes que favorece la interacci\u00f3n entre los usuarios de una misma planta. A cada planta se distribuyen diferentes modalidades de vivienda, que se adaptan al estilo de vida de los diferentes habitantes. [&hellip;]\" \/>\n<meta property=\"og:url\" content=\"https:\/\/enblanc.cat\/es\/projecte\/edificio-plurifamiliar-en-blanes\/\" \/>\n<meta property=\"og:site_name\" content=\"En Blanc Arquitectura\" \/>\n<meta property=\"article:modified_time\" content=\"2024-02-19T14:48:12+00:00\" \/>\n<meta property=\"og:image\" content=\"https:\/\/enblanc.cat\/wp-content\/uploads\/2024\/01\/render-edifici-plurifamiliar-destacada.webp\" \/>\n\t<meta property=\"og:image:width\" content=\"1440\" \/>\n\t<meta property=\"og:image:height\" content=\"810\" \/>\n\t<meta property=\"og:image:type\" content=\"image\/webp\" \/>\n<meta name=\"twitter:card\" content=\"summary_large_image\" \/>\n<meta name=\"twitter:label1\" content=\"Tiempo de lectura\" \/>\n\t<meta name=\"twitter:data1\" content=\"1 minuto\" \/>\n<script type=\"application\/ld+json\" class=\"yoast-schema-graph\">{\"@context\":\"https:\\\/\\\/schema.org\",\"@graph\":[{\"@type\":\"WebPage\",\"@id\":\"https:\\\/\\\/enblanc.cat\\\/es\\\/projecte\\\/edificio-plurifamiliar-en-blanes\\\/\",\"url\":\"https:\\\/\\\/enblanc.cat\\\/es\\\/projecte\\\/edificio-plurifamiliar-en-blanes\\\/\",\"name\":\"Edificio plurifamiliar en Blanes - En Blanc Arquitectura\",\"isPartOf\":{\"@id\":\"https:\\\/\\\/enblanc.cat\\\/#website\"},\"primaryImageOfPage\":{\"@id\":\"https:\\\/\\\/enblanc.cat\\\/es\\\/projecte\\\/edificio-plurifamiliar-en-blanes\\\/#primaryimage\"},\"image\":{\"@id\":\"https:\\\/\\\/enblanc.cat\\\/es\\\/projecte\\\/edificio-plurifamiliar-en-blanes\\\/#primaryimage\"},\"thumbnailUrl\":\"https:\\\/\\\/enblanc.cat\\\/wp-content\\\/uploads\\\/2024\\\/01\\\/render-edifici-plurifamiliar-destacada.webp\",\"datePublished\":\"2024-01-30T08:10:26+00:00\",\"dateModified\":\"2024-02-19T14:48:12+00:00\",\"breadcrumb\":{\"@id\":\"https:\\\/\\\/enblanc.cat\\\/es\\\/projecte\\\/edificio-plurifamiliar-en-blanes\\\/#breadcrumb\"},\"inLanguage\":\"es\",\"potentialAction\":[{\"@type\":\"ReadAction\",\"target\":[\"https:\\\/\\\/enblanc.cat\\\/es\\\/projecte\\\/edificio-plurifamiliar-en-blanes\\\/\"]}]},{\"@type\":\"ImageObject\",\"inLanguage\":\"es\",\"@id\":\"https:\\\/\\\/enblanc.cat\\\/es\\\/projecte\\\/edificio-plurifamiliar-en-blanes\\\/#primaryimage\",\"url\":\"https:\\\/\\\/enblanc.cat\\\/wp-content\\\/uploads\\\/2024\\\/01\\\/render-edifici-plurifamiliar-destacada.webp\",\"contentUrl\":\"https:\\\/\\\/enblanc.cat\\\/wp-content\\\/uploads\\\/2024\\\/01\\\/render-edifici-plurifamiliar-destacada.webp\",\"width\":1440,\"height\":810,\"caption\":\"Pisos a blanes\"},{\"@type\":\"BreadcrumbList\",\"@id\":\"https:\\\/\\\/enblanc.cat\\\/es\\\/projecte\\\/edificio-plurifamiliar-en-blanes\\\/#breadcrumb\",\"itemListElement\":[{\"@type\":\"ListItem\",\"position\":1,\"name\":\"Inici\",\"item\":\"https:\\\/\\\/enblanc.cat\\\/\"},{\"@type\":\"ListItem\",\"position\":2,\"name\":\"Edificio plurifamiliar en Blanes\"}]},{\"@type\":\"WebSite\",\"@id\":\"https:\\\/\\\/enblanc.cat\\\/#website\",\"url\":\"https:\\\/\\\/enblanc.cat\\\/\",\"name\":\"En Blanc Arquitectura\",\"description\":\"Constru\u00efm espais habitables\",\"publisher\":{\"@id\":\"https:\\\/\\\/enblanc.cat\\\/#organization\"},\"potentialAction\":[{\"@type\":\"SearchAction\",\"target\":{\"@type\":\"EntryPoint\",\"urlTemplate\":\"https:\\\/\\\/enblanc.cat\\\/?s={search_term_string}\"},\"query-input\":{\"@type\":\"PropertyValueSpecification\",\"valueRequired\":true,\"valueName\":\"search_term_string\"}}],\"inLanguage\":\"es\"},{\"@type\":\"Organization\",\"@id\":\"https:\\\/\\\/enblanc.cat\\\/#organization\",\"name\":\"En Blanc Arquitectura\",\"url\":\"https:\\\/\\\/enblanc.cat\\\/\",\"logo\":{\"@type\":\"ImageObject\",\"inLanguage\":\"es\",\"@id\":\"https:\\\/\\\/enblanc.cat\\\/#\\\/schema\\\/logo\\\/image\\\/\",\"url\":\"https:\\\/\\\/enblanc.cat\\\/wp-content\\\/uploads\\\/2024\\\/02\\\/logo-enblanc-arquitectura.svg\",\"contentUrl\":\"https:\\\/\\\/enblanc.cat\\\/wp-content\\\/uploads\\\/2024\\\/02\\\/logo-enblanc-arquitectura.svg\",\"width\":755,\"height\":241,\"caption\":\"En Blanc Arquitectura\"},\"image\":{\"@id\":\"https:\\\/\\\/enblanc.cat\\\/#\\\/schema\\\/logo\\\/image\\\/\"}}]}<\/script>\n<!-- \/ Yoast SEO plugin. -->","yoast_head_json":{"title":"Edificio plurifamiliar en Blanes - En Blanc Arquitectura","robots":{"index":"index","follow":"follow","max-snippet":"max-snippet:-1","max-image-preview":"max-image-preview:large","max-video-preview":"max-video-preview:-1"},"canonical":"https:\/\/enblanc.cat\/es\/projecte\/edificio-plurifamiliar-en-blanes\/","og_locale":"es_ES","og_type":"article","og_title":"Edificio plurifamiliar en Blanes - En Blanc Arquitectura","og_description":"Se proyecta un edificio de cinco plantas de viviendas, buscando la mejor orientaci\u00f3n dentro de los l\u00edmites propuestos, con un dise\u00f1o de espacios comunes que favorece la interacci\u00f3n entre los usuarios de una misma planta. A cada planta se distribuyen diferentes modalidades de vivienda, que se adaptan al estilo de vida de los diferentes habitantes. [&hellip;]","og_url":"https:\/\/enblanc.cat\/es\/projecte\/edificio-plurifamiliar-en-blanes\/","og_site_name":"En Blanc Arquitectura","article_modified_time":"2024-02-19T14:48:12+00:00","og_image":[{"width":1440,"height":810,"url":"https:\/\/enblanc.cat\/wp-content\/uploads\/2024\/01\/render-edifici-plurifamiliar-destacada.webp","type":"image\/webp"}],"twitter_card":"summary_large_image","twitter_misc":{"Tiempo de lectura":"1 minuto"},"schema":{"@context":"https:\/\/schema.org","@graph":[{"@type":"WebPage","@id":"https:\/\/enblanc.cat\/es\/projecte\/edificio-plurifamiliar-en-blanes\/","url":"https:\/\/enblanc.cat\/es\/projecte\/edificio-plurifamiliar-en-blanes\/","name":"Edificio plurifamiliar en Blanes - En Blanc Arquitectura","isPartOf":{"@id":"https:\/\/enblanc.cat\/#website"},"primaryImageOfPage":{"@id":"https:\/\/enblanc.cat\/es\/projecte\/edificio-plurifamiliar-en-blanes\/#primaryimage"},"image":{"@id":"https:\/\/enblanc.cat\/es\/projecte\/edificio-plurifamiliar-en-blanes\/#primaryimage"},"thumbnailUrl":"https:\/\/enblanc.cat\/wp-content\/uploads\/2024\/01\/render-edifici-plurifamiliar-destacada.webp","datePublished":"2024-01-30T08:10:26+00:00","dateModified":"2024-02-19T14:48:12+00:00","breadcrumb":{"@id":"https:\/\/enblanc.cat\/es\/projecte\/edificio-plurifamiliar-en-blanes\/#breadcrumb"},"inLanguage":"es","potentialAction":[{"@type":"ReadAction","target":["https:\/\/enblanc.cat\/es\/projecte\/edificio-plurifamiliar-en-blanes\/"]}]},{"@type":"ImageObject","inLanguage":"es","@id":"https:\/\/enblanc.cat\/es\/projecte\/edificio-plurifamiliar-en-blanes\/#primaryimage","url":"https:\/\/enblanc.cat\/wp-content\/uploads\/2024\/01\/render-edifici-plurifamiliar-destacada.webp","contentUrl":"https:\/\/enblanc.cat\/wp-content\/uploads\/2024\/01\/render-edifici-plurifamiliar-destacada.webp","width":1440,"height":810,"caption":"Pisos a blanes"},{"@type":"BreadcrumbList","@id":"https:\/\/enblanc.cat\/es\/projecte\/edificio-plurifamiliar-en-blanes\/#breadcrumb","itemListElement":[{"@type":"ListItem","position":1,"name":"Inici","item":"https:\/\/enblanc.cat\/"},{"@type":"ListItem","position":2,"name":"Edificio plurifamiliar en Blanes"}]},{"@type":"WebSite","@id":"https:\/\/enblanc.cat\/#website","url":"https:\/\/enblanc.cat\/","name":"En Blanc Arquitectura","description":"Constru\u00efm espais habitables","publisher":{"@id":"https:\/\/enblanc.cat\/#organization"},"potentialAction":[{"@type":"SearchAction","target":{"@type":"EntryPoint","urlTemplate":"https:\/\/enblanc.cat\/?s={search_term_string}"},"query-input":{"@type":"PropertyValueSpecification","valueRequired":true,"valueName":"search_term_string"}}],"inLanguage":"es"},{"@type":"Organization","@id":"https:\/\/enblanc.cat\/#organization","name":"En Blanc Arquitectura","url":"https:\/\/enblanc.cat\/","logo":{"@type":"ImageObject","inLanguage":"es","@id":"https:\/\/enblanc.cat\/#\/schema\/logo\/image\/","url":"https:\/\/enblanc.cat\/wp-content\/uploads\/2024\/02\/logo-enblanc-arquitectura.svg","contentUrl":"https:\/\/enblanc.cat\/wp-content\/uploads\/2024\/02\/logo-enblanc-arquitectura.svg","width":755,"height":241,"caption":"En Blanc Arquitectura"},"image":{"@id":"https:\/\/enblanc.cat\/#\/schema\/logo\/image\/"}}]}},"_links":{"self":[{"href":"https:\/\/enblanc.cat\/es\/wp-json\/wp\/v2\/projecte\/1003","targetHints":{"allow":["GET"]}}],"collection":[{"href":"https:\/\/enblanc.cat\/es\/wp-json\/wp\/v2\/projecte"}],"about":[{"href":"https:\/\/enblanc.cat\/es\/wp-json\/wp\/v2\/types\/projecte"}],"wp:featuredmedia":[{"embeddable":true,"href":"https:\/\/enblanc.cat\/es\/wp-json\/wp\/v2\/media\/678"}],"wp:attachment":[{"href":"https:\/\/enblanc.cat\/es\/wp-json\/wp\/v2\/media?parent=1003"}],"wp:term":[{"taxonomy":"categoria-de-projecte","embeddable":true,"href":"https:\/\/enblanc.cat\/es\/wp-json\/wp\/v2\/categoria-de-projecte?post=1003"}],"curies":[{"name":"wp","href":"https:\/\/api.w.org\/{rel}","templated":true}]}}

<p>Se proyecta un edificio de cinco plantas de viviendas, buscando la mejor orientación dentro de los límites propuestos, con un diseño de espacios comunes que favorece la interacción entre los usuarios de una misma planta.</p>

<p>A cada planta se distribuyen diferentes modalidades de vivienda, que se adaptan al estilo de vida de los diferentes habitantes.</p>

<p>La planta baja se proyecta de forma extensiva, dando continuidad al espacio público y permitiendo una mayor libertad de movimiento.</p>

<p>El edificio está pensado a partir de una estructura modular, sencilla y resolutiva. Utilizando materiales económicos y de bajo impacto ambiental, con procesos constructivos sistematizados, de fácil mantenimiento y reparación.</p>

<p>Apuesta por una arquitectura sostenible &#8211; Mediante el diseño, las técnicas de construcción y las instalaciones, el proyecto introduce toda una serie de medidas pasivas y activas para conseguir una mejor eficiencia energética del edificio.</p>

<!-- This site is optimized with the Yoast SEO plugin v27.5 - https://yoast.com/product/yoast-seo-wordpress/ -->
<title>Edificio plurifamiliar en Blanes - En Blanc Arquitectura</title>
<meta name="robots" content="index, follow, max-snippet:-1, max-image-preview:large, max-video-preview:-1" />
<link rel="canonical" href="https://enblanc.cat/es/projecte/edificio-plurifamiliar-en-blanes/" />
<meta property="og:locale" content="es_ES" />
<meta property="og:type" content="article" />
<meta property="og:title" content="Edificio plurifamiliar en Blanes - En Blanc Arquitectura" />
<meta property="og:description" content="Se proyecta un edificio de cinco plantas de viviendas, buscando la mejor orientación dentro de los límites propuestos, con un diseño de espacios comunes que favorece la interacción entre los usuarios de una misma planta. A cada planta se distribuyen diferentes modalidades de vivienda, que se adaptan al estilo de vida de los diferentes habitantes. [&hellip;]" />
<meta property="og:url" content="https://enblanc.cat/es/projecte/edificio-plurifamiliar-en-blanes/" />
<meta property="og:site_name" content="En Blanc Arquitectura" />
<meta property="article:modified_time" content="2024-02-19T14:48:12+00:00" />
<meta property="og:image" content="https://enblanc.cat/wp-content/uploads/2024/01/render-edifici-plurifamiliar-destacada.webp" />
	<meta property="og:image:width" content="1440" />
	<meta property="og:image:height" content="810" />
	<meta property="og:image:type" content="image/webp" />
<meta name="twitter:card" content="summary_large_image" />
<meta name="twitter:label1" content="Tiempo de lectura" />
	<meta name="twitter:data1" content="1 minuto" />
<script type="application/ld+json" class="yoast-schema-graph">{"@context":"https:\/\/schema.org","@graph":[{"@type":"WebPage","@id":"https:\/\/enblanc.cat\/es\/projecte\/edificio-plurifamiliar-en-blanes\/","url":"https:\/\/enblanc.cat\/es\/projecte\/edificio-plurifamiliar-en-blanes\/","name":"Edificio plurifamiliar en Blanes - En Blanc Arquitectura","isPartOf":{"@id":"https:\/\/enblanc.cat\/#website"},"primaryImageOfPage":{"@id":"https:\/\/enblanc.cat\/es\/projecte\/edificio-plurifamiliar-en-blanes\/#primaryimage"},"image":{"@id":"https:\/\/enblanc.cat\/es\/projecte\/edificio-plurifamiliar-en-blanes\/#primaryimage"},"thumbnailUrl":"https:\/\/enblanc.cat\/wp-content\/uploads\/2024\/01\/render-edifici-plurifamiliar-destacada.webp","datePublished":"2024-01-30T08:10:26+00:00","dateModified":"2024-02-19T14:48:12+00:00","breadcrumb":{"@id":"https:\/\/enblanc.cat\/es\/projecte\/edificio-plurifamiliar-en-blanes\/#breadcrumb"},"inLanguage":"es","potentialAction":[{"@type":"ReadAction","target":["https:\/\/enblanc.cat\/es\/projecte\/edificio-plurifamiliar-en-blanes\/"]}]},{"@type":"ImageObject","inLanguage":"es","@id":"https:\/\/enblanc.cat\/es\/projecte\/edificio-plurifamiliar-en-blanes\/#primaryimage","url":"https:\/\/enblanc.cat\/wp-content\/uploads\/2024\/01\/render-edifici-plurifamiliar-destacada.webp","contentUrl":"https:\/\/enblanc.cat\/wp-content\/uploads\/2024\/01\/render-edifici-plurifamiliar-destacada.webp","width":1440,"height":810,"caption":"Pisos a blanes"},{"@type":"BreadcrumbList","@id":"https:\/\/enblanc.cat\/es\/projecte\/edificio-plurifamiliar-en-blanes\/#breadcrumb","itemListElement":[{"@type":"ListItem","position":1,"name":"Inici","item":"https:\/\/enblanc.cat\/"},{"@type":"ListItem","position":2,"name":"Edificio plurifamiliar en Blanes"}]},{"@type":"WebSite","@id":"https:\/\/enblanc.cat\/#website","url":"https:\/\/enblanc.cat\/","name":"En Blanc Arquitectura","description":"Construïm espais habitables","publisher":{"@id":"https:\/\/enblanc.cat\/#organization"},"potentialAction":[{"@type":"SearchAction","target":{"@type":"EntryPoint","urlTemplate":"https:\/\/enblanc.cat\/?s={search_term_string}"},"query-input":{"@type":"PropertyValueSpecification","valueRequired":true,"valueName":"search_term_string"}}],"inLanguage":"es"},{"@type":"Organization","@id":"https:\/\/enblanc.cat\/#organization","name":"En Blanc Arquitectura","url":"https:\/\/enblanc.cat\/","logo":{"@type":"ImageObject","inLanguage":"es","@id":"https:\/\/enblanc.cat\/#\/schema\/logo\/image\/","url":"https:\/\/enblanc.cat\/wp-content\/uploads\/2024\/02\/logo-enblanc-arquitectura.svg","contentUrl":"https:\/\/enblanc.cat\/wp-content\/uploads\/2024\/02\/logo-enblanc-arquitectura.svg","width":755,"height":241,"caption":"En Blanc Arquitectura"},"image":{"@id":"https:\/\/enblanc.cat\/#\/schema\/logo\/image\/"}}]}</script>
<!-- / Yoast SEO plugin. -->

Se proyecta un edificio de cinco plantas de viviendas, buscando la mejor orientación dentro de los límites propuestos, con un diseño de espacios comunes que favorece la interacción entre los usuarios de una misma planta. A cada planta se distribuyen diferentes modalidades de vivienda, que se adaptan al estilo de vida de los diferentes habitantes. [&hellip;]

Construïm espais habitables
